me?
True
Let x be (-2)/(-8) - (-14)/8. Suppose 9*p = x*p + 763. Is p a prime number?
True
Let n(p) = p**3 - 4*p**2 + 1. Let y = 0 - -4. Let d be n(y). Is d*-2 + (-15 - -270) prime?
False
Let m = 8 + -11. Let u be 4/((-4)/m) + 1. Suppose -80 = u*o - 236. Is o composite?
True
Suppose z + z - 552 = g, 0 = -3*g - 12. Suppose 55 = -22*c + 825. Let q = z - c. Is q a composite number?
False
Suppose 2130 = 2*a + a. Let j = a + 1493. Is j composite?
False
Suppose -3*j + 13 = -8. Let p(q) = 18*q - 15. Is p(j) prime?
False
Suppose 4*w - 2*r - 10 = 3*w, -3*w + 22 = -4*r. Suppose 0 = 3*d - 0*d + 5*x - 4698, 0 = 5*d - w*x - 7799. Is d prime?
False
Let g(a) = 6*a**2 - 70*a + 121. Is g(44) composite?
True
Let r(z) = 5*z**2 + z - 2. Let u be r(1). Suppose -u*h - 10 = -4*c - 2, 0 = 5*c + 3*h - 34. Suppose -w = -5, c*i - 7393 = i - w. Is i a prime number?
True
Suppose 8*c + 60 = 3*c. Is (-3)/c + (-1430)/(-8) composite?
False
Let l be (-13604)/(-14) - (-4)/14. Suppose 0 = 5*b - 1668 - l. Suppose -4*i + 652 + b = 0. Is i a composite number?
True
Let w = 7202 + -4275. Is w a prime number?
True
Is 9 - (207*-140 + 10) a composite number?
False
Let h be (8/(-10))/(8/(-6620)). Is h*(5/(-2) - -3) a composite number?
False
Suppose 3*i + 3*g + 45 = 12, -2*i = 3*g + 25. Let b be 6/i - (-750)/8. Let q = b + -46. Is q a prime number?
True
Let n(f) = 138*f - 46. Let k be n(-13). Let m = k - -3117. Is m a composite number?
False
Suppose -3*t = -0*t + r - 10, -5*t = 2*r - 17. Suppose t*y = 5*y. Suppose 2*w - 182 = -y*w. Is w a composite number?
True
Let o(c) = -9471*c**3 - 2*c**2 - c - 1. Is o(-1) a prime number?
False
Suppose -3*o + 4*i - 1258 = 0, 5*o - 5*i + 899 = -1191. Let c be (o/(-6))/(2/50). Is (-2)/(-11) - c/(-11) prime?
True
Let l = 1156 - -9363. Is l prime?
False
Let t = -1248 + 209. Let q = -648 - t. Is q a composite number?
True
Suppose -8*o + 0*o = -24. Let d be -2 - (-6 - -3) - -430. Suppose o*x - 4*x + d = 0. Is x prime?
True
Let s(w) be the first derivative of 1/2*w**2 + 1/3*w**3 + 2 - 7/2*w**4 + w. Is s(-2) a prime number?
False
Let n(c) = 5*c**3 - 6*c**2 + 19*c - 13. Let k be (-7)/2*6/(-3). Is n(k) composite?
True
Is (1 - (2859 + -1))/(-5 + 4) a composite number?
False
Suppose 0 + 3 = 3*x. Let l be 6/3 + x + 0. Suppose -2*h = -5*z + 17 + 88, l*h = 5*z - 110. Is z a composite number?
False
Suppose -5*r + 1 + 4 = 0. Let i(c) = 130*c + 1. Is i(r) composite?
False
Suppose -18 = -5*k - m, 0 = 4*k - 4*m + 6 - 30. Suppose -5275 = -4*t + v, -k*t + 3952 = -t - 5*v. Is t a prime number?
True
Let d = 18029 + -10812. Is d prime?
False
Let b be 4*(-2)/(-4) + -4. Let a = 3 + b. Is 288/8 - (a + -2) prime?
True
Let h(y) = 55*y + 20. Let x(u) = -8*u - 3. Let r(o) = 2*h(o) + 15*x(o). Let v(t) = 10*t + 4. Let z(m) = 5*r(m) + 4*v(m). Is z(-4) prime?
True
Suppose 4*h - 3258 = -f + 5*h, -2*f + 6537 = 5*h. Is f prime?
False
Suppose 2*y = 5*d - 6*d + 44261, -5*d + y + 221316 = 0. Is d composite?
False
Let a = -343 - -572. Let d = -140 + a. Is d prime?
True
Let o(k) = 4*k**2 - 7*k + 12. Let h = -4 - -10. Let j be o(h). Suppose -u = -b - j, 3*u - 4*u = 4*b - 119. Is u a composite number?
True
Is (2721/12)/(2*(-7)/(-56)) a composite number?
False
Let m = 16 + -15. Suppose m = 3*t + 13. Is (-82)/(-1) - (t + 3) prime?
True
Suppose 14*h - 11*h = 0. Suppose 2*q = -h + 18. Is (3/q)/(5/60) composite?
True
Let i = -319 + 315. Let v(t) = 4*t**3 - t**2 - 6*t. Let g(s) = -s - 1. Let q(a) = 3*g(a) - v(a). Is q(i) prime?
True
Let z(j) = 53 + 10*j**2 - 3*j - 11*j**2 - j + 3*j. Let m = -3 + 3. Is z(m) a composite number?
False
Suppose 3*z + 3*x - 2*x = 10, -x = -3*z + 14. Suppose -z*f = 3*q - 3905, 0 = 2*f - q + 5*q - 1950. Is f composite?
False
Suppose 5*k - 3*u = -0 - 3, -5*k + u - 1 = 0. Let f be (-117)/(-24) - -1*(-1)/(-8). Suppose h = 2*h - f*q - 381, k = -3*h - 3*q + 1107. Is h prime?
False
Suppose x - 2*k = 0, 0*x = x + 3*k - 10. Suppose 0 = 2*p - x*p. Suppose -4*g = -c + 51, p = -0*c + 2*c + g - 111. Is c prime?
False
Let h(k) = 132*k**2 - 50*k - 25. Is h(14) a prime number?
True
Let s(k) = 4*k**2 + 35*k - 89. Is s(12) composite?
False
Let r = 2828 + 3401. Is r prime?
True
Suppose 0 = 2*c - 19 + 3. Let m(w) = 22*w**2 + 14*w - 21. Is m(c) a composite number?
False
Suppose 84 = -2*u + u. Let n = 3 - u. Is n a composite number?
True
Let z(g) = -5443*g**3 + g**2 + g - 1. Let q be z(-1). Suppose -37*v = -39*v + q. Is v composite?
True
Let o(w) = w**3 + 4*w**2 + w + 2. Let m(y) = -y**3. Let c(h) = 2*m(h) + o(h). Let a be c(4). Let u(n) = 2*n**2 + 3*n - 1. Is u(a) a composite number?
False
Let h = -52215 + 79358. Is h composite?
False
Let h = 13412 + -8551. Is h prime?
True
Let z(t) = 7*t - 2. Let s be z(-2). Let p be s/(-6)*15/20. Let b(u) = 22*u**3 + 3*u**2 - 2*u + 3. Is b(p) a composite number?
True
Let b = -26 - -46. Suppose 4*r - 196 = -b. Let o = r + -21. Is o a prime number?
True
Is (-2*(-2)/(-12))/((-12)/2131092) prime?
True
Let f be (-2)/(-3) + (-6)/((-18)/499). Suppose r + 2 = 7. Suppose -r*c + f = -48. Is c a prime number?
True
Let j = 10 + -6. Suppose 5*n - 2*r = -592 - 20, 2*n + 232 = j*r. Is (-1*1)/(4/n) a prime number?
True
Let g be ((-10)/(-4))/(2 - 6/4). Suppose -17724 = -17*h + g*h. Is h composite?
True
Is -4 + -1 - ((-11 - -2) + -10165) prime?
True
Let u(o) = -o + 1. Let k(m) = 63*m + 3. Let f(i) = k(i) + 4*u(i). Let j be f(-15). Is (-1)/((-876)/j + -1) a composite number?
False
Let m(n) = 2*n**2 - 9*n. Let b be m(6). Suppose -x = x - b. Let v = x - 2. Is v prime?
True
Let t be (-1)/(28/(-12) - -2). Let p be 135/12*8/t. Let f = p + 7. Is f a prime number?
True
Let j(q) = -97*q + 8. Let u(t) = 2*t + 2. Let n be u(-2). Let z be ((-55)/33)/(n/(-6)). Is j(z) a composite number?
True
Let a(g) be the third derivative of g**5/60 + g**4/24 + 7*g**3 - 6*g**2. Let t be a(0). Let m = -7 + t. Is m a prime number?
False
Let n = -56 + 29. Let i be (-28371)/n - (-8)/36. Suppose 2106 = 2*q + 4*b, 3*q - b + i = 4*q. Is q a prime number?
True
Let h be -1687 + -3*1/1. Let k = h + 5181. Is k composite?
False
Let c = 89 + -74. Suppose -c*a = 8001 - 22836. Is a composite?
True
Let w(s) = -376*s - 16. Let f be w(8). Let v = 41 - f. Is v a prime number?
False
Let v(z) be the second derivative of 873*z**5/20 + z**4/6 + 3*z**2/2 + 18*z - 2. Is v(2) a composite number?
True
Suppose 11 = -5*f + 26. Suppose -5*l + 1988 = -f*u, -l = -2*l + 3*u + 400. Is l a prime number?
True
Suppose 0 = -2*r - 2, 0 = -5*i + 3*i + r + 29043. Suppose -i = -15*o + 2*o. Is o a prime number?
True
Suppose 11 - 36 = -5*y. Suppose 594 = y*o - 1021. Is o a prime number?
False
Let h(a) = -a. Let m(p) = -4*p - 3. Let g(f) = -2*f**2 + 1. Let l be g(-1). Let o(u) = l*m(u) + 3*h(u). Is o(7) a prime number?
False
Let d be (-41)/(-7) - 1*(-1)/7. Suppose -d*m + 8*m - 2314 = 0. Is m prime?
False
Let x(a) = -a**2 - 37*a + 2833. Is x(0) a composite number?
False
Suppose -2*v - 2*w = -3*w - 9, 2*v - 12 = 2*w. Suppose i + 299 = 2*d + v*d, 102 = 2*d + 4*i. Is d composite?
False
Let h(k) = k + 7. Let z(q) = -q. Let o(a) = h(a) - z(a). Let c be o(-16). Let i = 0 - c. Is i a prime number?
False
Let a(b) = -45*b + 3. Let p be a(-2). Let g(h) = 18*h + 2. Let i be g(3). Let r = p - i. Is r composite?
False
Let k(d) be the third derivative of d**5/30 - d**4/12 + d**3/6 + 5*d**2. Let x be k(1). Is ((-289)/(-51))/(x/6) composite?
True
Suppose 516 = 2*o + 38. Is o composite?
False
Let x be 24/(-14)*7/(-2). Let z = 9 - x. Suppose 3*r = z*p + 5*r - 1237, p = 2*r + 415. Is p composite?
True
Let s = -11 - -15. Suppose -4*r + 267 = 5*a, s*r = -3*a + 105 + 60. Is a composite?
True
Is (-24686)/(-10 - (-54)/6) a composite number?
True
Let s(b) = 127*b**2 + 77*b + 24. Let a(l) = -32*l**2 - 19*l - 6. Let o(u) = -9*a(u) - 2*s(u). Is o(-7) a composite number?
False
Let k(v) = v + 10. Let m be (0 - 4) + 6/(-2). Let u be k(m). Suppose q = -u*w + 176, 3*q - 5*w - 200 = 2*q. Is q composite?
True
Suppose -9600 = s - 76169. Is s composite?
False
Let f(t) be the second derivative of 17*t**7/2520 - t**6/240 - t**5/40 - 13*t**4/12 + 6*t. Let r(o) be the third derivative of f(o). Is r(5) a prime number?
False
Suppose -7*m + 8 + 706 = 0. Let j = m + 191. Is j a composite number?
False
Let u(c) = -c**3 - 31*c**2 - 14*c + 85. Is u(-36) prime?
True
Suppose -3*g = -50 - 58. Supp